e prime factors of 3718.
2, 11, 13
List the prime factors of 497.
7, 71
List the prime factors of 236.
2, 59
List the prime factors of 6161.
61, 101
What are the prime factors of 2454?
2, 3, 409
List the prime factors of 1006.
2, 503
What are the prime factors of 24824?
2, 29, 107
What are the prime factors of 6241?
79
List the prime factors of 989.
23, 43
What are the prime factors of 51654?
2, 3, 8609
List the prime factors of 1125.
3, 5
List the prime factors of 399.
3, 7, 19
What are the prime factors of 23702?
2, 7, 1693
What are the prime factors of 813?
3, 271
List the prime factors of 60513.
3, 23, 877
List the prime factors of 2180.
2, 5, 109
List the prime factors of 6471.
3, 719
What are the prime factors of 84928?
2, 1327
What are the prime factors of 27329?
27329
What are the prime factors of 3111?
3, 17, 61
What are the prime factors of 66264?
2, 3, 11, 251
What are the prime factors of 120824?
2, 11, 1373
What are the prime factors of 7346?
2, 3673
List the prime factors of 813.
3, 271
List the prime factors of 6427.
6427
What are the prime factors of 458?
2, 229
What are the prime factors of 73483?
73483
What are the prime factors of 14817?
3, 11, 449
What are the prime factors of 3749?
23, 163
What are the prime factors of 1083?
3, 19
What are the prime factors of 1243?
11, 113
What are the prime factors of 338?
2, 13
List the prime factors of 284.
2, 71
What are the prime factors of 195054?
2, 3, 19, 29, 59
What are the prime factors of 4433?
11, 13, 31
What are the prime factors of 730?
2, 5, 73
List the prime factors of 6261.
3, 2087
List the prime factors of 1718.
2, 859
List the prime factors of 553.
7, 79
What are the prime factors of 1873?
1873
What are the prime factors of 7010?
2, 5, 701
What are the prime factors of 1030?
2, 5, 103
List the prime factors of 1907.
1907
List the prime factors of 1897.
7, 271
List the prime factors of 64.
2
What are the prime factors of 2260?
2, 5, 113
List the prime factors of 5160.
2, 3, 5, 43
What are the prime factors of 32787?
3, 3643
List the prime factors of 8778.
2, 3, 7, 11, 19
List the prime factors of 46129.
163, 283
What are the prime factors of 3288?
2, 3, 137
What are the prime factors of 131883?
3, 43961
List the prime factors of 888.
2, 3, 37
What are the prime factors of 2486?
2, 11, 113
List the prime factors of 819.
3, 7, 13
List the prime factors of 1126.
2, 563
List the prime factors of 66926.
2, 109, 307
List the prime factors of 47700.
2, 3, 5, 53
List the prime factors of 8737.
8737
What are the prime factors of 6208?
2, 97
List the prime factors of 2777.
2777
List the prime factors of 18511.
107, 173
List the prime factors of 10962.
2, 3, 7, 29
List the prime factors of 42477.
3, 14159
List the prime factors of 10180.
2, 5, 509
List the prime factors of 8442.
2, 3, 7, 67
What are the prime factors of 2159?
17, 127
What are the prime factors of 14035?
5, 7, 401
What are the prime factors of 26522?
2, 89, 149
List the prime factors of 1749.
3, 11, 53
List the prime factors of 51928.
2, 6491
What are the prime factors of 33314?
2, 16657
List the prime factors of 791.
7, 113
List the prime factors of 5672.
2, 709
List the prime factors of 25.
5
List the prime factors of 2345.
5, 7, 67
What are the prime factors of 1248?
2, 3, 13
List the prime factors of 2297.
2297
List the prime factors of 63894.
2, 3, 23, 463
What are the prime factors of 582?
2, 3, 97
What are the prime factors of 1171?
1171
What are the prime factors of 1373?
1373
What are the prime factors of 23144?
2, 11, 263
What are the prime factors of 20060?
2, 5, 17, 59
What are the prime factors of 1616?
2, 101
What are the prime factors of 45611?
17, 2683
What are the prime factors of 83128?
2, 10391
What are the prime factors of 21584?
2, 19, 71
What are the prime factors of 9575?
5, 383
List the prime factors of 989.
23, 43
List the prime factors of 7738.
2, 53, 73
List the prime factors of 3404.
2, 23, 37
What are the prime factors of 3296?
2, 103
List the prime factors of 23764.
2, 13, 457
What are the prime factors of 16029?
3, 13, 137
What are the prime factors of 32047?
73, 439
List the prime factors of 62590.
2, 5, 11, 569
List the prime factors of 2548.
2, 7, 13
What are the prime factors of 962?
2, 13, 37
List the prime factors of 2011.
2011
List the prime factors of 8175.
3, 5, 109
What are the prime factors of 35727?
3, 11909
What are the prime factors of 11099?
11, 1009
List the prime factors of 63406.
2, 7, 647
List the prime factors of 380.
2, 5, 19
List the prime factors of 10820.
2, 5, 541
What are the prime factors of 71814?
2, 3, 11969
What are the prime factors of 52270?
2, 5, 5227
List the prime factors of 910.
2, 5, 7, 13
What are the prime factors of 10598?
2, 7, 757
What are the prime factors of 65970?
2, 3, 5, 733
What are the prime factors of 5447?
13, 419
What are the prime factors of 1098?
2, 3, 61
What are the prime factors of 37819?
59, 641
List the prime factors of 1298.
2, 11, 59
List the prime factors of 9780.
2, 3, 5, 163
List the prime factors of 51918.
2, 3, 17, 509
What are the prime factors of 9446?
2, 4723
What are the prime factors of 9247?
7, 1321
List the prime factors of 13371.
3, 4457
What are the prime factors of 7947?
3, 883
List the prime factors of 702.
2, 3, 13
What are the prime factors of 62745?
3, 5, 47, 89
What are the prime factors of 29268?
2, 3, 271
List the prime factors of 9016.
2, 7, 23
List the prime factors of 84642.
2, 3, 14107
List the prime factors of 21695.
5, 4339
List the prime factors of 14262.
2, 3, 2377
List the prime factors of 3101.
7, 443
List the prime factors of 1253.
7, 179
List the prime factors of 1045.
5, 11, 19
List the prime factors of 983.
983
List the prime factors of 1535.
5, 307
List the prime factors of 604.
2, 151
List the prime factors of 4097.
17, 241
List the prime factors of 938.
2, 7, 67
What are the prime factors of 74?
2, 37
What are the prime factors of 13005?
3, 5, 17
What are the prime factors of 41244?
2, 3, 7, 491
List the prime factors of 123364.
2, 30841
List the prime factors of 12677.
7, 1811
What are the prime factors of 67042?
2, 33521
List the prime factors of 24310.
2, 5, 11, 13, 17
What are the prime factors of 21461?
11, 1951
What are the prime factors of 21709?
17, 1277
List the prime factors of 48039.
3, 67, 239
List the prime factors of 49576.
2, 6197
List the prime factors of 15107.
15107
List the prime factors of 632.
2, 79
What are the prime factors of 27051?
3, 71, 127
List the prime factors of 1020.
2, 3, 5, 17
List the prime factors of 84520.
2, 5, 2113
What are the prime factors of 27065?
5, 5413
List the prime factors of 2751.
3, 7, 131
List the prime factors of 9341.
9341
List the prime factors of 1116.
2, 3, 31
What are the prime factors of 1099?
7, 157
What are the prime factors of 7336?
2, 7, 131
List the prime factors of 1167.
3, 389
What are the prime factors of 9065?
5, 7, 37
What are the prime factors of 983?
983
What are the prime factors of 142699?
142699
What are the prime factors of 3162?
2, 3, 17, 31
What are the prime factors of 488?
2, 61
List the prime factors of 1096.
2, 137
List the prime factors of 1078.
2, 7, 11
List the prime factors of 39247.
13, 3019
What are the prime factors of 25134?
2, 3, 59, 71
What are the prime factors of 42605?
5, 8521
List the prime factors of 136940.
2, 5, 41, 167
List the prime factors of 6331.
13, 487
What are the prime factors of 629?
17, 37
What are the prime factors of 539?
7, 11
List the prime factors of 9298.
2, 4649
List the prime factors of 1772.
2, 443
List the prime factors of 47656.
2, 7, 23, 37
What are the prime factors of 412?
2, 103
What are the prime factors of 1977?
3, 659
What are the prime factors of 142923?
3, 11, 61, 71
What are the prime factors of 18301?
18301
What are the prime factors of 89546?
2, 44773
List the prime factors of 6882.
2, 3, 31, 37
List the prime factors of 25213.
19, 1327
What are the prime factors of 97093?
151, 643
List the prime factors of 6035.
5, 17, 71
List the prime factors of 221.
13, 17
List the prime factors of 16655.
5, 3331
List the prime factors of 58698.
2, 3, 1087
List the prime factors of 15415.
5, 3083
What are the prime factors of 1339?
13, 103
What are the prime factors 